-93. Calculate the remainder when 26 is divided by m.
8
Suppose -4*t - 5*t = 13*t - 5016. Calculate the remainder when 1142 is divided by t.
2
Let l = -313 + 358. What is the remainder when l is divided by 28?
17
Suppose 229 = 5*i + 3*n + 52, 4*i = 2*n + 146. Calculate the remainder when 1221 is divided by i.
33
Let a = 4813 - 3506. Calculate the remainder when a is divided by 650.
7
Let w = 32 + -18. Suppose 0 = 10*l + 15*l - 1000. Calculate the remainder when l is divided by w.
12
Suppose 2*o - 156 = 4*n, 2*o + 886*n - 888*n - 142 = 0. Calculate the remainder when 3643 is divided by o.
59
Let x(i) be the third derivative of 0*i + 9*i**2 + 0 - 13/3*i**3 + 11/24*i**4. Calculate the remainder when x(9) is divided by 19.
16
Suppose 0 = -p + 2*q + 7, -4*p + 3*p = 5*q. Suppose 5*t - 275 = -p*m, -5*t + 8*m + 266 = 4*m. Let s = -29 + 43. Calculate the remainder when t is divided by s.
12
Suppose -5*z = -w - 17, 0*w = -4*w + z - 11. Calculate the remainder when 153 is divided by (-5 + 54/(-6))/w.
6
Let v = 151 - 146. Suppose -v*x + 9*x - 652 = 0. What is the remainder when x is divided by 85?
78
Suppose -11*j + 26 - 70 = 0. Let a be (7 + j)/((-2)/(-1) - 1). Suppose z - 29 = -3*h - z, -a*h + 9 = -3*z. Calculate the remainder when 18 is divided by h.
4
Let u(a) = -a**3 + 14*a**2 - 35*a + 28. Let y be u(11). Suppose 66 = -y*w + 108. Calculate the remainder when 153 is divided by w.
6
Let y(i) = 107*i - 779. Suppose -3*m = -8*m + 100. What is the remainder when y(8) is divided by m?
17
Let p(u) = 21*u + 225. Let x be p(-9). Suppose 35*j - x*j = -85. What is the remainder when 166 is divided by j?
81
Let c = -459 - -1865. What is the remainder when c is divided by 17?
12
Suppose 0 = 5*g - 41 + 126. Let x = 900 - 870. Calculate the remainder when x is divided by -2 - g - (5 + -1).
8
Suppose q = -z + 4, -2*z + q + 4*q + 22 = 0. Suppose 3*r + 284 = z*r + 4*f, 3*f + 212 = 2*r. Calculate the remainder when 397 is divided by r.
97
Let t = -20484 - -20881. Suppose -211 = -3*b - 5*n - 61, b - 50 = -n. Calculate the remainder when t is divided by b.
47
Let d = 92 + -30. Let z = -3908 + 4159. What is the remainder when z is divided by d?
3
Suppose 115*x - 306*x + 84422 = 0. What is the remainder when x is divided by 7?
1
Let f(k) = k**3 - 48*k**2 - 53*k + 245. What is the remainder when 580 is divided by f(49)?
41
Suppose 3*i - 5*f = 20, -3*i + f = 5*f - 38. Suppose 5*n - 5*j = 264 + 431, 4*j + 420 = 3*n. What is the remainder when n is divided by i?
6
Suppose -b + 104 = 4*k, -8 = 15*k - 11*k. Calculate the remainder when 149 is divided by b.
37
Let n(t) = -10 + 17 + 14*t + 10. Calculate the remainder when 234 is divided by n(3).
57
Calculate the remainder when 155 is divided by (2 + -1 - -5) + 31 + 2.
38
Suppose 7*b = -12 + 26. Let d(o) = -31*o. Calculate the remainder when d(-2) is divided by (-2)/4*-22*2/b.
7
Suppose 7*l - 8*l + 4183 = -2*h, -5*h - 12556 = -3*l. What is the remainder when l is divided by 247?
245
Suppose 0*l + 152 = 4*l. Suppose -4*k + 0*k = -1224. Suppose 4*i - 338 = -k. What is the remainder when l is divided by i?
6
Suppose -27*x + 575 + 559 = 0. Suppose g - x - 18 = 0. Calculate the remainder when g is divided by 29.
2
Let g(p) = 2*p**2 - 122*p - 503. What is the remainder when 1289 is divided by g(-4)?
14
Suppose 18*l - 16*l - 258 = 0. Let q = l + -116. Calculate the remainder when q is divided by 7.
6
Let f be ((-2)/8*1)/(11/(-220)). What is the remainder when 146/f*(0 - -5) is divided by 32?
18
Let b = -27 + 9. Calculate the remainder when 15/(-10)*92/(-2) is divided by (b/(-15))/(1/15).
15
Let z(r) = 2*r - 8. Let o be z(6). Suppose 0 = -o*t + 4*g + 240, -2*t - 2*g = g - 100. What is the remainder when t is divided by (15/(-9) + 2)/(1/45)?
11
Let x = 1778 - 1553. Calculate the remainder when x is divided by 214.
11
Suppose 323*x = 319*x + 4*k + 292, 3*x + 4*k = 205. Let v(m) = m**3 + 6*m**2 + 7. Let b be v(-5). Let w = 50 - b. What is the remainder when x is divided by w?
17
Suppose i + 193*g - 265 = 188*g, 4*i - 1128 = -3*g. What is the remainder when i is divided by 14?
5
Let l = 7286 + -12419. Let w be l/(-9) - (-2 + 35/15). Suppose -4*s = 6*s - w. What is the remainder when 226 is divided by s?
55
Let j(l) = -6*l + 999. What is the remainder when j(-55) is divided by 74?
71
Suppose l = -2*l - v - 22, 2*l + 4*v + 18 = 0. What is the remainder when (-2145)/(-22) - (-1 + l/(-2)) is divided by 24?
23
Suppose 2*h - 6*h = -m + 47, -3*m = 4*h - 29. Calculate the remainder when 2277 is divided by m.
16
Let y = 566 - 557. Let q(i) = -7*i**3 - i. Calculate the remainder when q(-2) is divided by y.
4
Let m(r) = r**3 + 25*r**2 + 24*r + 23. Let y be m(-24). Suppose 3*t + 5*f - 215 = 0, f = -y*t + 20*t + 235. Calculate the remainder when 317 is divided by t.
77
Suppose 4*s + 9*i - 10*i = 98, 5*s - 4*i = 128. What is the remainder when 382 is divided by s?
22
Suppose -1248 = -5*i + 2*o, 474 = -780*i + 782*i - 5*o. Calculate the remainder when 325 is divided by i.
73
Suppose 0 = -4*g - 22 - 73 + 1231. Calculate the remainder when g is divided by 135.
14
Let m = 1532 + -1020. Calculate the remainder when m is divided by 77.
50
Let t be ((-40)/(-5))/24*(-15)/(-1). Suppose -29 + 64 = t*z. What is the remainder when 46 is divided by z?
4
Suppose -638*z = -10301 - 15709 - 13546. Let u = -14 - -30. What is the remainder when z is divided by u?
14
Suppose -1278 = 33*m - 62*m + 2260. Calculate the remainder when 187 is divided by m.
65
Let o(f) = -f**2 + 74. Suppose 0 = 4*p - 4*z - 108, 4*p = z + 103 - 19. Calculate the remainder when o(0) is divided by p.
17
Let c = 66 - 442. What is the remainder when 42 is divided by c/(-16) - 3/6?
19
Let u(y) be the second derivative of 7*y**4/6 - 7*y**3/2 + 37*y**2/2 + 3*y - 33. Calculate the remainder when 62 is divided by u(2).
11
Suppose -29*o + 1842 = 4*o + 324. Calculate the remainder when 3908 is divided by o.
44
Calculate the remainder when 11806 is divided by ((-8)/10)/(12*9/(-4860)).
34
Suppose 76 = 4*b + 28. Suppose 34*i - 30 = 39*i. What is the remainder when 2/(-3)*54/b - i is divided by 3?
0
Suppose -4*f + 2*f = -5*g - 123, g = -5. Suppose -4*i = 2*s - 10, -s + 2*i + f = 4*s. Calculate the remainder when 25 is divided by s.
7
Suppose -i - 291 = 2*k, -263 - 161 = 3*k - i. Let n = k + 158. Calculate the remainder when 57 is divided by n.
12
Let x = 71 - 20. What is the remainder when x is divided by 9801/(-1210)*10/(-12)*4?
24
Let a(u) = u**3 - u**2 + 9*u + 539. What is the remainder when a(0) is divided by 135?
134
Suppose -4*b = t + 87, 5*b + 0*t + 108 = -t. Let w = b + 9. Let x = 21 - w. What is the remainder when x is divided by 18?
15
Let o(g) = g**3 - 6*g**2 + 10*g - 12. Let h be o(4). Calculate the remainder when 87 is divided by h + 27 - 126/(-14).
23
Suppose i + d - 1 = -4, 4*d + 18 = -i. Suppose -4*n + 29 = w - 5*n, 0 = -i*w + n + 55. What is the remainder when -2 - w/(-1) - -3 is divided by 6?
3
Suppose -22*b + 1518 = 21 - 1869. What is the remainder when b is divided by 17?
0
Suppose 0 = -37*d - 46*d + 5893. Calculate the remainder when 1914 is divided by d.
68
Let u(p) = 33*p**3 + p**2 - 28*p + 37. Suppose 4*d + d = 420. Calculate the remainder when u(2) is divided by d.
81
Suppose -4*r + 7*b + 5932 = 0, -r - 4*b + 12 = -1425. What is the remainder when r is divided by 92?
89
Let m = -23 - -38. Suppose -10*w - 341 = -37*w + 334. What is the remainder when w is divided by m?
10
Let d = -109 - -108. Calculate the remainder when (d + 4)/(-12)*-132 is divided by 5.
3
Suppose -15495 - 1054 = -13*t. Calculate the remainder when t is divided by 11.
8
Suppose -86 - 892 - 432 = -3*l. Calculate the remainder when l is divided by 86.
40
Let l(u) = 29*u + 117. Let a be l(-6). What is the remainder when (-28)/21*1*a/2 is divided by 8?
6
Let j = 13002 + -12700. What is the remainder when j is divided by 150?
2
Let u = 3 + 9. Let r(t) = 53*t**2 - 2*t + 2. Let z be r(1). Let q = -31 + z. What is the remainder when q is divided by u?
10
Let r(b) = -b**3 + 6*b**2 + 31*b - 16. Let l be r(9). Let w = 1 - -2. Calculate the remainder when 160 is divided by l + 1 + w - -3.
25
Let t = -9333 - -9341. What is the remainder when 6413 is divided by t?
5
Let i(s) = s**2 - 30*s + 187. Let f be 110/22 - (-3 + 2). Calculat